{"id":12423,"date":"2022-06-11T14:20:36","date_gmt":"2022-06-11T14:20:36","guid":{"rendered":"https:\/\/smarttechnologyco.com\/?page_id=12423"},"modified":"2022-06-11T14:36:56","modified_gmt":"2022-06-11T14:36:56","slug":"politicas-de-garantia","status":"publish","type":"page","link":"https:\/\/smarttechnologyco.com\/index.php\/politicas-de-garantia\/","title":{"rendered":"POLITICAS DE GARANTIA"},"content":{"rendered":"\t\t<div data-elementor-type=\"wp-page\" data-elementor-id=\"12423\" class=\"elementor elementor-12423\" data-elementor-post-type=\"page\">\n\t\t\t\t\t\t<section class=\"wd-negative-gap elementor-section elementor-top-section elementor-element elementor-element-234d9bab elementor-section-full_width elementor-section-stretched elementor-section-height-default elementor-section-height-default\" data-id=\"234d9bab\" data-element_type=\"section\" data-settings=\"{&quot;background_background&quot;:&quot;classic&quot;,&quot;stretch_section&quot;:&quot;section-stretched&quot;}\">\n\t\t\t\t\t\t\t<div class=\"elementor-background-overlay\"><\/div>\n\t\t\t\t\t\t\t<div class=\"elementor-container elementor-column-gap-default\">\n\t\t\t\t\t<div class=\"elementor-column elementor-col-100 elementor-top-column elementor-element elementor-element-35a47fbe\" data-id=\"35a47fbe\" data-element_type=\"column\">\n\t\t\t<div class=\"elementor-widget-wrap elementor-element-populated\">\n\t\t\t\t\t\t<section class=\"wd-negative-gap elementor-section elementor-inner-section elementor-element elementor-element-65697ad4 elementor-section-boxed elementor-section-height-default elementor-section-height-default\" data-id=\"65697ad4\" data-element_type=\"section\">\n\t\t\t\t\t\t<div class=\"elementor-container elementor-column-gap-default\">\n\t\t\t\t\t<div class=\"elementor-column elementor-col-50 elementor-inner-column elementor-element elementor-element-2b881105\" data-id=\"2b881105\" data-element_type=\"column\">\n\t\t\t<div class=\"elementor-widget-wrap elementor-element-populated\">\n\t\t\t\t\t\t<div class=\"elementor-element elementor-element-2826862c elementor-invisible elementor-widget elementor-widget-heading\" data-id=\"2826862c\" data-element_type=\"widget\" data-settings=\"{&quot;_animation&quot;:&quot;fadeInUp&quot;}\" data-widget_type=\"heading.default\">\n\t\t\t\t<div class=\"elementor-widget-container\">\n\t\t\t\t\t<h2 class=\"elementor-heading-title elementor-size-default\">POLITICAS DE GARANTIA<\/h2>\t\t\t\t<\/div>\n\t\t\t\t<\/div>\n\t\t\t\t\t<\/div>\n\t\t<\/div>\n\t\t\t\t<div class=\"elementor-column elementor-col-50 elementor-inner-column elementor-element elementor-element-f226d3c\" data-id=\"f226d3c\" data-element_type=\"column\">\n\t\t\t<div class=\"elementor-widget-wrap\">\n\t\t\t\t\t\t\t<\/div>\n\t\t<\/div>\n\t\t\t\t\t<\/div>\n\t\t<\/section>\n\t\t\t\t<div class=\"elementor-element elementor-element-2367542b elementor-widget-divider--view-line elementor-invisible elementor-widget elementor-widget-divider\" data-id=\"2367542b\" data-element_type=\"widget\" data-settings=\"{&quot;_animation&quot;:&quot;fadeIn&quot;,&quot;_animation_delay&quot;:200}\" data-widget_type=\"divider.default\">\n\t\t\t\t<div class=\"elementor-widget-container\">\n\t\t\t\t\t\t\t<div class=\"elementor-divider\">\n\t\t\t<span class=\"elementor-divider-separator\">\n\t\t\t\t\t\t<\/span>\n\t\t<\/div>\n\t\t\t\t\t\t<\/div>\n\t\t\t\t<\/div>\n\t\t\t\t<section class=\"wd-negative-gap elementor-section elementor-inner-section elementor-element elementor-element-434320f0 elementor-section-boxed elementor-section-height-default elementor-section-height-default\" data-id=\"434320f0\" data-element_type=\"section\">\n\t\t\t\t\t\t<div class=\"elementor-container elementor-column-gap-default\">\n\t\t\t\t\t<div class=\"elementor-column elementor-col-33 elementor-inner-column elementor-element elementor-element-c66c520 elementor-invisible\" data-id=\"c66c520\" data-element_type=\"column\" data-settings=\"{&quot;animation&quot;:&quot;fadeInUp&quot;}\">\n\t\t\t<div class=\"elementor-widget-wrap\">\n\t\t\t\t\t\t\t<\/div>\n\t\t<\/div>\n\t\t\t\t<div class=\"elementor-column elementor-col-33 elementor-inner-column elementor-element elementor-element-0e4af26 elementor-invisible\" data-id=\"0e4af26\" data-element_type=\"column\" data-settings=\"{&quot;animation&quot;:&quot;fadeInUp&quot;}\">\n\t\t\t<div class=\"elementor-widget-wrap elementor-element-populated\">\n\t\t\t\t\t\t<div class=\"elementor-element elementor-element-4949a50 color-scheme-inherit text-left elementor-widget elementor-widget-text-editor\" data-id=\"4949a50\" data-element_type=\"widget\" data-widget_type=\"text-editor.default\">\n\t\t\t\t<div class=\"elementor-widget-container\">\n\t\t\t\t\t\t\t\t\t<p style=\"text-align: justify;\">Aqu\u00ed los t\u00e9rminos y condiciones tratar\u00e1n al m\u00e1ximo de responder las dudas o inquietudes que se tengan cuando un usuario haya adquirido un producto acerca del funcionamiento y estado de un producto. Inicialmente se podr\u00e1 contactar el correo soporte@smarttechnologyco.com y reportar el debido caso, como tambi\u00e9n su factura de compra. Sin embargo, para que una condici\u00f3n de garant\u00eda se lleve a cabo esta tendr\u00e1 que estar dentro del plazo de la misma que es de un a\u00f1o seg\u00fan el equipo y proveedores terciarios. Otro factor o condici\u00f3n para que se d\u00e9 es la de fallas t\u00e9cnicas o mal funcionamiento o defectos de fabricaci\u00f3n y esta ser\u00e1 validada inmediatamente por nuestro departamento t\u00e9cnico. Las copias de seguridad de los equipos que sean enviados por garant\u00edas ser\u00e1n exclusivamente responsabilidad del usuario y por el contrario el sitio web no se hace responsable en este caso. Cuando se trate de una reparaci\u00f3n esta tendr\u00e1 un lapso de 60 d\u00edas h\u00e1biles despu\u00e9s de haber sido recibido y diagnosticado su falla. Los costos de reparaci\u00f3n est\u00e1n sujetos a los proveedores, debido a, que en algunos casos los repuestos que han sido cambiados son cobrados y en otros no.<\/p>\n<p style=\"text-align: justify;\">Todo proceso de garant\u00eda puede verse afectado, limitado o nulo bajo condiciones en la cual un equipo no tenga las correspondientes etiquetas de marca, modelo y seriales que permitan un adecuado seguimiento. Tambi\u00e9n cuando un dispositivo tenga muestras o evidencias de ser instalado bajo condiciones que no sean las m\u00e1s adecuadas y que est\u00e9n por fuera de las normas que estos tienen y no seguir al pie de la letra las recomendaciones de cada fabricante. Tener cualquier tipo de golpes, humedad, manipulaci\u00f3n de circuitos y descargas el\u00e9ctricas atmosf\u00e9ricas o un desastre natural. El proceso se ver\u00e1 afectado adicionalmente al ser enviado en la empresa transportadora y qu\u00e9 este llegue maltratado y en malas condiciones. Queda limitado tambi\u00e9n el proceso por la instalaci\u00f3n de cualquier accesorio que no sea original y que no haga parte del equipo. Por animales que hayan hecho modificaciones en el aspecto f\u00edsico y por lo tanto en el buen funcionamiento del dispositivo. Que hayan rayado, pintado o etiquetado el dispositivo.<\/p>\n<p style=\"text-align: justify;\">Para el caso de los monitores, pantallas y tv Wall, los proveedores han revisado con anterioridad la calidad y el buen funcionamiento de los equipos, as\u00ed como tambi\u00e9n el adecuado embalaje para el transporte de estos. Cuando un usuario haya obtenido un monitor o pantalla al momento de ser entregado y no se detecte un da\u00f1o f\u00edsico se da por aceptado su recibido y no sea reportado el mismo d\u00eda de su recepci\u00f3n se aplicar\u00e1 exclusivamente la garant\u00eda del producto. Cuando un usuario determine que cancelar\u00e1 el flete de transporte para este tipo de equipos asumir\u00e1 y queda bajo su responsabilidad los da\u00f1os que estos curriers puedan causar a la mercanc\u00eda. Por eso es de tener en cuenta que este tipo de producto es de gran cuidado y de especial manejo.<\/p>\n<p class=\"MsoNormal\" style=\"line-height: 150%; text-align: JUSTIFY;\"><\/p>\t\t\t\t\t\t\t\t<\/div>\n\t\t\t\t<\/div>\n\t\t\t\t\t<\/div>\n\t\t<\/div>\n\t\t\t\t<div class=\"elementor-column elementor-col-33 elementor-inner-column elementor-element elementor-element-5645b541 elementor-invisible\" data-id=\"5645b541\" data-element_type=\"column\" data-settings=\"{&quot;animation&quot;:&quot;fadeInUp&quot;,&quot;animation_delay&quot;:100}\">\n\t\t\t<div class=\"elementor-widget-wrap elementor-element-populated\">\n\t\t\t\t\t\t<div class=\"elementor-element elementor-element-a43c528 elementor-widget elementor-widget-accordion\" data-id=\"a43c528\" data-element_type=\"widget\" data-widget_type=\"accordion.default\">\n\t\t\t\t<div class=\"elementor-widget-container\">\n\t\t\t\t\t\t\t<div class=\"elementor-accordion\">\n\t\t\t\t\t\t\t<div class=\"elementor-accordion-item\">\n\t\t\t\t\t<div id=\"elementor-tab-title-1721\" class=\"elementor-tab-title\" data-tab=\"1\" role=\"button\" aria-controls=\"elementor-tab-content-1721\" aria-expanded=\"false\">\n\t\t\t\t\t\t\t\t\t\t\t\t\t<span class=\"elementor-accordion-icon elementor-accordion-icon-right\" aria-hidden=\"true\">\n\t\t\t\t\t\t\t\t\t\t\t\t\t\t\t<span class=\"elementor-accordion-icon-closed\"><i class=\"fas fa-plus\"><\/i><\/span>\n\t\t\t\t\t\t\t\t<span class=\"elementor-accordion-icon-opened\"><i class=\"fas fa-minus\"><\/i><\/span>\n\t\t\t\t\t\t\t\t\t\t\t\t\t\t<\/span>\n\t\t\t\t\t\t\t\t\t\t\t\t<a class=\"elementor-accordion-title\" tabindex=\"0\">RESPECTO A LA PROPIEDAD INTELECTUAL<\/a>\n\t\t\t\t\t<\/div>\n\t\t\t\t\t<div id=\"elementor-tab-content-1721\" class=\"elementor-tab-content elementor-clearfix\" data-tab=\"1\" role=\"region\" aria-labelledby=\"elementor-tab-title-1721\"><p style=\"font-weight: 400; text-align: justify;\"><span style=\"font-style: inherit; font-weight: inherit;\">Las promociones que se ofrezcan por medio de la p\u00e1gina web y que tengan alg\u00fan descuento sea en la entrega o de un producto por la compra de otro producto, est\u00e1n sometidas a las normas vigentes y a todas las disposiciones de ley. Adicionalmente se pueden disponer de cupones o bonos de descuento cuando fuere necesario el aumento de las ventas o por incentivar a los usuarios a que conozcan m\u00e1s del sitio web, estos cupones de descuento son de car\u00e1cter gratuito y se tendr\u00e1 en cuenta el valor del cup\u00f3n y la cantidad m\u00ednima de compra para acceder y hacer valer dicho cup\u00f3n como tambi\u00e9n las fechas de validez del mismo. Para que el cup\u00f3n se haga valido el usuario debe estar registrado y ser mayor de edad. El cup\u00f3n no es transferible, acumulable y utilizado por solo un usuario. La caducidad o validez de una oferta o promoci\u00f3n est\u00e1 dentro un plazo estipulado o hasta agotar alguna referencia que haya en existencia. Para tener en cuenta es que un producto o una determinada referencia en promoci\u00f3n no tendr\u00e1 ninguna devoluci\u00f3n por parte del sitio web y del proveedor que lo haya estipulado.<\/span><\/p>\n<p style=\"font-weight: 400;\"><span style=\"font-style: inherit; font-weight: inherit;\">\u00a0<\/span><\/p><\/div>\n\t\t\t\t<\/div>\n\t\t\t\t\t\t\t<div class=\"elementor-accordion-item\">\n\t\t\t\t\t<div id=\"elementor-tab-title-1722\" class=\"elementor-tab-title\" data-tab=\"2\" role=\"button\" aria-controls=\"elementor-tab-content-1722\" aria-expanded=\"false\">\n\t\t\t\t\t\t\t\t\t\t\t\t\t<span class=\"elementor-accordion-icon elementor-accordion-icon-right\" aria-hidden=\"true\">\n\t\t\t\t\t\t\t\t\t\t\t\t\t\t\t<span class=\"elementor-accordion-icon-closed\"><i class=\"fas fa-plus\"><\/i><\/span>\n\t\t\t\t\t\t\t\t<span class=\"elementor-accordion-icon-opened\"><i class=\"fas fa-minus\"><\/i><\/span>\n\t\t\t\t\t\t\t\t\t\t\t\t\t\t<\/span>\n\t\t\t\t\t\t\t\t\t\t\t\t<a class=\"elementor-accordion-title\" tabindex=\"0\">FALLAS EN EL SITIO WEB <\/a>\n\t\t\t\t\t<\/div>\n\t\t\t\t\t<div id=\"elementor-tab-content-1722\" class=\"elementor-tab-content elementor-clearfix\" data-tab=\"2\" role=\"region\" aria-labelledby=\"elementor-tab-title-1722\"><p style=\"text-align: justify;\">Dentro del mundo del internet y con ellos los servicios de los diferentes proveedores para los servidores no se estar\u00eda exento de una ca\u00edda o falla del servicio que no tienen nada que ver el servicio que presta la p\u00e1gina web. Por lo tanto, Smart Technology Co se exonera de cualquier responsabilidad por da\u00f1os o por cualquier perdida causada a los usuarios. De modo que ning\u00fan usuario no podr\u00e1 exigir compensaci\u00f3n alguna en virtud de las fallas t\u00e9cnicas que puedan existir en el mundo del internet. Adicional se debe tener en cuenta que una corte o suspensi\u00f3n en la p\u00e1gina se deba a cualquier tipo de mantenimiento o actualizaci\u00f3n y que ser\u00e1 en el menor tiempo posible.<\/p><\/div>\n\t\t\t\t<\/div>\n\t\t\t\t\t\t\t\t<\/div>\n\t\t\t\t\t\t<\/div>\n\t\t\t\t<\/div>\n\t\t\t\t\t<\/div>\n\t\t<\/div>\n\t\t\t\t\t<\/div>\n\t\t<\/section>\n\t\t\t\t\t<\/div>\n\t\t<\/div>\n\t\t\t\t\t<\/div>\n\t\t<\/section>\n\t\t\t\t<\/div>\n\t\t","protected":false},"excerpt":{"rendered":"<p>POLITICAS DE GARANTIA Aqu\u00ed los t\u00e9rminos y condiciones tratar\u00e1n al m\u00e1ximo de responder las dudas o inquietudes que se tengan<\/p>\n","protected":false},"author":123489,"featured_media":0,"parent":0,"menu_order":0,"comment_status":"closed","ping_status":"closed","template":"","meta":{"_joinchat":[],"footnotes":""},"class_list":["post-12423","page","type-page","status-publish","hentry"],"_links":{"self":[{"href":"https:\/\/smarttechnologyco.com\/index.php\/wp-json\/wp\/v2\/pages\/12423","targetHints":{"allow":["GET"]}}],"collection":[{"href":"https:\/\/smarttechnologyco.com\/index.php\/wp-json\/wp\/v2\/pages"}],"about":[{"href":"https:\/\/smarttechnologyco.com\/index.php\/wp-json\/wp\/v2\/types\/page"}],"author":[{"embeddable":true,"href":"https:\/\/smarttechnologyco.com\/index.php\/wp-json\/wp\/v2\/users\/123489"}],"replies":[{"embeddable":true,"href":"https:\/\/smarttechnologyco.com\/index.php\/wp-json\/wp\/v2\/comments?post=12423"}],"version-history":[{"count":0,"href":"https:\/\/smarttechnologyco.com\/index.php\/wp-json\/wp\/v2\/pages\/12423\/revisions"}],"wp:attachment":[{"href":"https:\/\/smarttechnologyco.com\/index.php\/wp-json\/wp\/v2\/media?parent=12423"}],"curies":[{"name":"wp","href":"https:\/\/api.w.org\/{rel}","templated":true}]}}