{"id":12115,"date":"2022-05-21T19:09:33","date_gmt":"2022-05-21T19:09:33","guid":{"rendered":"https:\/\/smarttechnologyco.com\/?post_type=product&#038;p=12115"},"modified":"2026-02-24T17:23:05","modified_gmt":"2026-02-24T22:23:05","slug":"dh-ipc-hdpw1230r1n-zs-s5","status":"publish","type":"product","link":"https:\/\/smarttechnologyco.com\/index.php\/producto\/dh-ipc-hdpw1230r1n-zs-s5\/","title":{"rendered":"DH-IPC-HDPW1230R1N-ZS-S5"},"content":{"rendered":"<p>DH-IPC-HDPW1230R1N-ZS-S5<\/p>\n<p><b>Descripci\u00f3n:<\/b>\u00a0C\u00c1MARA IP DOMO PL\u00c1STICO 2MP@30FPS LENTE MOTOR. 2,8 &#8211; 12MM FOV 105\u00b0 &#8211; 33\u00b0 DWDR IR 40M H.265+ POE IP67<\/p>\n","protected":false},"excerpt":{"rendered":"<p>Especificaciones<\/p>\n<p>Sensor de imagen CMOS de 2MP 1\/2.8&#8243;, baja luminancia e imagen de alta definici\u00f3n.<\/p>\n<p>\u00d8Salidas m\u00e1x. 2 MP (1920 \u00d7 1080) a 25\/30 fps.<\/p>\n<p>\u00d8LED IR incorporado y el m\u00e1x. la distancia de iluminaci\u00f3n es de 40 m.<\/p>\n<p>\u00d8ROI, SMART H.264 +\/H.265+, codificaci\u00f3n flexible, aplicable a varios entornos de almacenamiento y ancho de banda<\/p>\n<p>\u00d8Modo de rotaci\u00f3n, WDR, 3D NR, HLC, BLC, marca de agua digital, aplicable a varias escenas de monitoreo<\/p>\n<p>\u00d8M\u00e1x. Tarjeta micro SD de 256G.<\/p>\n<p>\u00d8Fuente de alimentaci\u00f3n de 12 V CC\/PoE.<\/p>\n<p>\u00d8Protecci\u00f3n IP67.<\/p>\n","protected":false},"featured_media":12116,"comment_status":"open","ping_status":"closed","template":"","meta":{"_joinchat":[]},"product_brand":[],"product_cat":[71],"product_tag":[],"class_list":{"0":"post-12115","1":"product","2":"type-product","3":"status-publish","4":"has-post-thumbnail","6":"product_cat-cctv-ip","8":"first","9":"instock","10":"shipping-taxable","11":"purchasable","12":"product-type-simple"},"_links":{"self":[{"href":"https:\/\/smarttechnologyco.com\/index.php\/wp-json\/wp\/v2\/product\/12115","targetHints":{"allow":["GET"]}}],"collection":[{"href":"https:\/\/smarttechnologyco.com\/index.php\/wp-json\/wp\/v2\/product"}],"about":[{"href":"https:\/\/smarttechnologyco.com\/index.php\/wp-json\/wp\/v2\/types\/product"}],"replies":[{"embeddable":true,"href":"https:\/\/smarttechnologyco.com\/index.php\/wp-json\/wp\/v2\/comments?post=12115"}],"version-history":[{"count":0,"href":"https:\/\/smarttechnologyco.com\/index.php\/wp-json\/wp\/v2\/product\/12115\/revisions"}],"wp:featuredmedia":[{"embeddable":true,"href":"https:\/\/smarttechnologyco.com\/index.php\/wp-json\/wp\/v2\/media\/12116"}],"wp:attachment":[{"href":"https:\/\/smarttechnologyco.com\/index.php\/wp-json\/wp\/v2\/media?parent=12115"}],"wp:term":[{"taxonomy":"product_brand","embeddable":true,"href":"https:\/\/smarttechnologyco.com\/index.php\/wp-json\/wp\/v2\/product_brand?post=12115"},{"taxonomy":"product_cat","embeddable":true,"href":"https:\/\/smarttechnologyco.com\/index.php\/wp-json\/wp\/v2\/product_cat?post=12115"},{"taxonomy":"product_tag","embeddable":true,"href":"https:\/\/smarttechnologyco.com\/index.php\/wp-json\/wp\/v2\/product_tag?post=12115"}],"curies":[{"name":"wp","href":"https:\/\/api.w.org\/{rel}","templated":true}]}}